-8*o**2 - 18*o - 7. Calculate p(-3).
-25
Let d(z) = z**3 + 42*z**2 + 3*z + 173. Calculate d(0).
173
Let y(u) = -4*u**3 - 52*u**2 + 9*u + 122. What is y(-13)?
5
Let z(h) = -47*h + 3794. What is z(81)?
-13
Let c(h) = 22*h - 1372. Determine c(62).
-8
Let j(c) = 281*c + 313. Give j(-1).
32
Let u(m) = m**2 - 19*m + 31. What is u(8)?
-57
Let h(c) = -2*c**2 - 76*c - 290. What is h(-4)?
-18
Let n(r) = -82*r + 81. Give n(1).
-1
Let k(q) = -3*q**2 - 39*q - 46. Give k(-10).
44
Let d(r) = r**3 - 84*r**2 - 6156*r - 126. What is d(131)?
5
Let z(q) = 2*q**3 + 10*q**2 - 11*q + 112. What is z(-7)?
-7
Let i(j) = 135*j - 19. Calculate i(-2).
-289
Let f(b) = -b**2 + 124*b + 3484. Give f(147).
103
Let m(x) = 43*x - 13. Calculate m(4).
159
Let v(t) = -45*t - 26. Calculate v(-1).
19
Let y(s) = 20*s - 85. Calculate y(9).
95
Let y(i) = 120*i - 685. Determine y(5).
-85
Let m(s) = -s**2 + 550*s + 24875. Calculate m(-42).
11
Let y(u) = 178*u + 5160. Give y(-29).
-2
Let i(l) = 3*l**3 + 120*l**2 + 235*l + 9. Determine i(-2).
-5
Let u(a) = 169*a - 333. Determine u(2).
5
Let r(d) = -d**2 + 12*d - 26. Calculate r(6).
10
Let v(d) = 3*d**2 - 9. Give v(-2).
3
Let n(o) = -105*o - 16906. Give n(-162).
104
Let h(m) = -36132*m + 72273. What is h(2)?
9
Let i(t) = 9*t**2 - 15*t + 1. What is i(2)?
7
Let k(n) = -n**2 + 13*n - 90. Calculate k(22).
-288
Let g(x) = x**3 - 45*x + 21. What is g(6)?
-33
Let v(d) = d**3 + 60*d**2 - 30. Determine v(-60).
-30
Let t(s) = 26*s + 2370. Give t(-89).
56
Let v(q) = 4*q**2 - 207*q - 24. Determine v(52).
28
Let l(c) = -40*c + 1121. Calculate l(31).
-119
Let j(c) = -c**2 + 9*c + 13. Determine j(-4).
-39
Let h(i) = -2*i**3 - 47*i**2 - 37*i + 74. What is h(-23)?
396
Let z(a) = -a**2 + 24*a + 271. Give z(-8).
15
Let q(g) = -g + 36. Give q(28).
8
Let v(x) = -3*x**3 + 381*x**2 - 752*x + 254. Determine v(125).
4
Let f(p) = -27*p + 25. Determine f(2).
-29
Let x(g) = -44*g + 193. Calculate x(5).
-27
Let g(v) = -83*v + 4622. Calculate g(56).
-26
Let r(p) = p**3 + 17*p**2 + 58*p + 66. Calculate r(-13).
-12
Let r(h) = 390*h - 120. Calculate r(1).
270
Let v(w) = w**3 - 17*w**2 - 2*w - 72. Give v(17).
-106
Let z(m) = 192*m + 3273. Give z(-17).
9
Let s(d) = 3*d**3 - 39*d**2 - 133*d - 31. Determine s(-3).
-64
Let c(u) = -25*u**2 + 729*u - 130. Calculate c(29).
-14
Let j(w) = 433*w + 57163. What is j(-132)?
7
Let o(f) = f**3 + 24*f**2 - 134*f + 266. Give o(-29).
-53
Let s(v) = -6*v - 79. What is s(-15)?
11
Let o(x) = x**3 + 26*x**2 - 506*x + 62. Calculate o(-39).
23
Let i(k) = -140*k + 285. What is i(2)?
5
Let c(t) = -t**2 + 3*t + 524. Calculate c(21).
146
Let o(m) = 139*m - 2387. Give o(17).
-24
Let x(r) = r**3 + r**2 - 2*r - 527. Calculate x(0).
-527
Let o(x) = 8*x**2 - 38*x - 506. Give o(11).
44
Let p(n) = -n**3 - 13*n**2 - 30*n + 23. Give p(-10).
23
Let u(z) = 71*z - 773. What is u(10)?
-63
Let c(t) = -2*t**2 + 120*t + 769. Determine c(-7).
-169
Let d(k) = -3*k**3 + 107*k**2 + 31*k + 190. Give d(36).
10
Let k(i) = i**3 - 43*i**2 + 54*i - 504. Calculate k(42).
0
Let m(n) = -596*n - 7112. Determine m(-12).
40
Let s(a) = -380*a - 25076. Give s(-66).
4
Let w(h) = -h**3 + 33*h**2 - 34*h + 111. What is w(32)?
47
Let t(w) = w**2 + 194*w - 1839. What is t(9)?
-12
Let v(j) = 216*j - 5628. Give v(26).
-12
Let j(o) = 46*o + 1463. Determine j(-32).
-9
Let m(o) = 2*o**2 - 39*o + 100. Calculate m(13).
-69
Let c(u) = 8*u**2 - 165*u - 63. What is c(21)?
0
Let k(g) = 9*g**3 + 28*g**2 - 44*g - 148. Determine k(-3).
-7
Let i(u) = -31*u + 1037. What is i(23)?
324
Let y(d) = -151*d**2 + 10*d + 1. Determine y(2).
-583
Let w(l) = 46*l**2 + 406*l - 74. Determine w(-9).
-2
Let o(h) = 19*h + 901. Determine o(-38).
179
Let j(d) = -4*d**2 - 8*d + 9. Calculate j(2).
-23
Let l(g) = -g**3 - g**2 + 161. What is l(0)?
161
Let z(x) = -6*x**2 + 46*x - 54. Calculate z(7).
-26
Let x(o) = -62*o + 873. What is x(14)?
5
Let d(i) = 8*i**2 - 12. What is d(5)?
188
Let k(i) = 40*i + 378. Give k(-9).
18
Let r(d) = -4*d**2 + 543*d + 3548. Determine r(142).
-2
Let t(c) = 13*c**2 - 53*c - 507. Give t(-8).
749
Let h(n) = -n**3 - 16*n**2 + 163*n - 10. Determine h(9).
-568
Let s(c) = -4*c**3 + 373*c**2 - 95*c + 184. Give s(93).
-2
Let x(n) = n**2 + 42*n - 927. What is x(16)?
1
Let i(h) = -548*h - 19230. What is i(-35)?
-50
Let f(x) = -9*x - 590. Determine f(-64).
-14
Let m(r) = -r**3 + 21*r**2 - 50*r - 76. What is m(18)?
-4
Let a(i) = -298*i - 3039. Give a(-10).
-59
Let t(v) = -51*v**2 - 516*v - 72. Calculate t(-10).
-12
Let z(u) = -15*u**3 - 147*u**2 + 25*u + 10. Determine z(-10).
60
Let v(z) = -z**2 - 258*z + 1568. Give v(6).
-16
Let v(u) = 899*u + 3591. Calculate v(-4).
-5
Let f(j) = -63*j + 355. Calculate f(6).
-23
Let l(i) = 256*i - 1016. What is l(4)?
8
Let p(j) = -2*j**3 + 85*j**2 - 117*j - 231. Determine p(41).
15
Let w(p) = -p**2 + p + 25. Determine w(6).
-5
Let q(y) = -2*y**3 + 33*y**2 - 17*y + 152. What is q(16)?
136
Let t(v) = -v**2 - 22*v + 70. Calculate t(-29).
-133
Let c(y) = 3*y**2 - 409*y + 2716. What is c(7)?
0
Let b(z) = 18*z**2 + 10*z - 15. Calculate b(2).
77
Let y(d) = 724*d + 120. Calculate y(-1).
-604
Let a(c) = 4*c**3 + 59*c**2 + 26*c + 4. What is a(-14)?
228
Let c(k) = -15*k**3 - 2*k**2 + 16*k - 8. What is c(2)?
-104
Let i(v) = 1363*v - 10899. Calculate i(8).
5
Let l(f) = -f**3 - 121*f**2 + 243*f - 386. Determine l(-123).
-17
Let x(l) = -64*l + 3584. Calculate x(56).
0
Let l(j) = 8*j + 153. Calculate l(-17).
17
Let m(a) = 8*a - 65. Give m(0).
-65
Let h(c) = -152*c - 484. Determine h(-3).
-28
Let x(q) = q**2 + 5*q + 4. What is x(-5)?
4
Let w(h) = 6*h**3 - 48*h**2 - 2*h + 11. Calculate w(8).
-5
Let p(w) = 2*w**3 - 3*w**2 + 8*w + 20. Determine p(-3).
-85
Let w(m) = 86*m - 1290. Determine w(15).
0
Let a(d) = 19*d**2 + 249*d + 30. Determine a(-13).
4
Let b(y) = y**2 - 49*y + 263. Give b(6).
5
Let h(b) = -2*b**2 + 1482*b - 124938. Determine h(97).
-2
Let h(p) = -p**2 - 109*p - 57. Give h(0).
-57
Let u(x) = -11*x**3 + x**2 - 6*x - 10. Calculate u(-2).
94
Let c(v) = 34*v + 1844. Give c(-54).
8
Let g(j) = -j**3 + 23*j**2 - 53*j - 103. Calculate g(20).
37
Let k(d) = -3*d**2 - 164*d - 1532. Determine k(-42).
64
Let q(m) = 73*m**2 - 59*m - 14. Determine q(1).
0
Let k(y) = -57*y - 597. Give k(-10).
-27
Let u(g) = 7*g**2 + 18*g - 47. Determine u(6).
313
Let r(x) = -x**3 - 62*x**2 - 436*x - 225. Calculate r(-54).
-9
Let d(j) = -12*j + 1053. What is d(88)?
-3
Let k(f) = 3*f**3 + 5*f**2 + 6*f - 14. Give k(4).
282
Let a(h) = -h**3 + 97*h**2 + 96*h + 325. Give a(98).
129
Let n(u) = -2*u**3 + 24*u - 22. Determine n(-5).
108
Let c(k) = -7*k**2 - 28*k + 102. What is c(3)?
-45
Let d(u) = -u**2 - 88*u - 168. Determine d(-86).
4
Let k(m) = 286*m**3 - 2*m**2 - 145*m + 147. Calculate k(1).
286
Let k(s) = -s**3 - 19*s**2 + 14*s + 243. What is k(-19)?
-23
Let q(p) = -42*p - 211. Give q(-8).
125
Let p(w) = -3*w**2 + 129*w + 1227. Calculate p(51).
3
Let h(b) = b**2 - 52*b + 624. Give h(44).
272
Let z(b) = -9*b**2 + 567*b - 8431. What is z(24)?
-7
Let c(u) = -99*u + 148. Give c(-7).
841
Let j(u) = 43*u + 1034. Give j(-10).
604
Let x(z) = -z**3 + 57*z**2 - 49*z - 288. Give x(56).
104
Let n(p) = -83*p - 1322. Give n(-16).
6
Let v(s) = -s**2 - 9681*s - 48374. Determine v(-5).
6
Let s(v) = 3*v**2 - 83. Give s(5).
-8
Let s(n) = 1884*n + 32040. Give s(-17).
12
Let d(w) = -w**3 + 15*w**2 - 45*w - 1. What is d(4)?
-5
Let p(n) = n**3 + 370*n**2 - 760*n - 5953. Determine p(-372).
-1
Let u(k) = k**2 - 1339*k + 110092. What is u(88)?
4
Let j(y) = 2*y**2 + 209*y - 1345. What is j(6)?
-19
Let n(c) = 48*c + 167. Determine n(-4).
-25
Let p(c) = -3*c**2 + 46*c + 483. What is p(-7)?
14
Let p(h) = 47*h + 4090. What is p(-87)?
1
Let p(t) = -8*t**2 + 146*t + 622. Calculate p(22).
-38
Let u(h) = -h**3 + 18*h**2 + 5*h - 39. Calculate u(18).
51
Let w(s) = s**2 + 33*s - 767. What is w(16)?
17
Let q(j) = 756*j**2 - 6048*j + 6. What is q(8)?
6
Let i(c) = 53*c + 564. Calculate i(-15).
-231
Let j(h) = -3*h**3 - 16*h**2 - 30*h - 123. What is j(-5)?
2
Let z(s) = -s**2 + 39*s - 353. Calculate z(14).
-3
Let b(z) = -28*z - 678. Give b(-22).
-62
Let k(d) = -103*d - 1237. What is k(-12)?
-1
Let m(b) = -b**2 + 42*b + 1580. Determine m(-24).
-4
Let j(d) = -d**3 + 51*d**2 + 59*d - 5445. Determine j(50).
5
Let y(l) = -2*l + 318. Give y(-6).
330
Let y(j) = 3